pose -3*x = -l + 5*l - s, -3*l - 12 = 0. What is the tens digit of x?
9
Suppose 3*p = -0*p + 9. Suppose -6 = 3*j - 5*j, -p*y - 507 = 5*j. Let m = -101 - y. What is the tens digit of m?
7
Let o(l) = -l**2 - 9*l - 9. Let j be o(-7). Let y = 47 - -9. Let g = j + y. What is the tens digit of g?
6
Suppose -8975 = -2*j - 3*q, q + 3*q - 8970 = -2*j. What is the thousands digit of j?
4
Suppose 5*x = -10, -4*p - 3*x + 3 = 21. Let r be (2/p)/((4/2)/(-222)). Suppose 3*t + 4*f - r = 3*f, 29 = t - 4*f. What is the tens digit of t?
2
Suppose 4*x + 10 = 2*o - 7*o, 2*x = -o - 2. Let n(h) = -h**3 - 4*h**2 + h + 15. Let f be n(-5). What is the units digit of ((-28)/f)/((-2)/255) + x?
2
Let b(g) be the second derivative of g**4/2 + 11*g**3/6 + 17*g**2/2 + 2*g - 43. What is the tens digit of b(-11)?
2
Let i(c) = -6*c**3 - 3*c**2 - 4*c - 3. Suppose 1560 = 10*f + 3*f. Let h = 118 - f. What is the units digit of i(h)?
1
Let n(c) be the third derivative of -c**6/120 + c**4/3 + 4*c**3/3 - 87*c**2. What is the units digit of n(-5)?
3
Let f be ((-4)/4)/(2/20). Let t be (-6)/f + (-894)/15. Let k = t - -67. What is the units digit of k?
8
Let q(t) = 45*t + 22. Let k = 12 - 10. Suppose 4*m + 2*i = 2, -m - k*i - 3*i - 22 = 0. What is the units digit of q(m)?
7
Let c be 3*(-4)/32 + 84435/(-120). Let j = -429 - c. What is the tens digit of j?
7
Suppose 237*x + 709589 = 297*x - 222811. What is the units digit of x?
0
Let w = 22 - -420. Suppose -w = -2*l - 5*o + 606, 0 = -2*l + 4*o + 1066. What is the hundreds digit of l?
5
Let f(b) = -b**2 - 3*b + 56. Let t be f(-9). What is the units digit of ((-208)/12)/(t/(-51))?
2
Let p(w) = 2*w - 35. Let i be p(-8). Let d = i + 36. What is the tens digit of (-84)/(-2 - d/12)?
1
Suppose -6*p + 941 + 409 = 0. Let a = 336 + p. What is the hundreds digit of a?
5
Let c = -190 + 326. Suppose 2*w = -2*n + c, -5*n + 88 = 2*w - w. Let l = w - 11. What is the tens digit of l?
5
Let g = -4624 + 4651. Let r(p) = 4*p - 1. Let c be r(-5). Let s = g + c. What is the units digit of s?
6
Suppose 4*u = 12 - 0. Let l be (0/(-3))/(u + -7). Suppose l = -5*g + c + 1373, -2*c - 1369 = -5*g + 7. What is the tens digit of g?
7
Let c(z) = 4*z**2 - 2*z - 7. Let f(u) = 8*u**2 - 4*u - 14. Let y(v) = -7*c(v) + 4*f(v). Let p be y(3). Let d = p + -7. What is the units digit of d?
6
Suppose 0 = -7*b + 15*b - 2224. Let p = 230 + b. What is the tens digit of p?
0
Let c = -43158 + 116494. What is the thousands digit of c?
3
Let o = -331 - -227. Let p = o + 13. Let m = 81 - p. What is the tens digit of m?
7
Let q(l) = -67*l - 1322. What is the units digit of q(-29)?
1
Suppose -3*u - 6240 = -2*d, -3121 = -8*d + 7*d + u. Suppose 12*x - 16*x + 3914 = 5*z, -5*x - d = -4*z. What is the units digit of z?
2
Let a be ((-2)/(-5))/(1/5). Let g be ((-3352)/2095 + 4/5)/(2/(-10)). Suppose b = 4*y - 3*b - 900, g*b - 450 = -a*y. What is the units digit of y?
5
Let l(k) = k**2 + 28*k - 198. Let q be l(-34). Suppose -531 = -s + 4*c, -3*s + q*c + 1621 = 8*c. What is the tens digit of s?
3
Suppose 32209 = 5*x + 7*c - 4*c, x - 6451 = 4*c. What is the tens digit of x?
4
Let l = 9 + 5. Let t(r) = 9*r + 2*r**2 - 5*r - l*r. What is the tens digit of t(8)?
4
Let x(n) = -4*n + 35. Let h be x(7). Let j = h - 3. Suppose -j*t = -3*t - 37. What is the tens digit of t?
3
What is the hundreds digit of (69/(-2))/((-855)/686280)?
6
Suppose -2*p + 2 + 6 = 0. Suppose -77*t + 291*t = 428. Suppose -87 = -j - q, -p*j + t*q + 87 = -3*j. What is the units digit of j?
7
Suppose -3*t + 128 = -g - 105, 0 = 2*t + 5*g - 178. Suppose 5*p - t = -d, 0*d - 5*p - 217 = -3*d. What is the units digit of d?
4
Let o = 13190 - 11316. What is the tens digit of o?
7
Suppose -39*m + 35 = -32*m. Suppose -2*t + m*b + 2212 = 0, -3*t = -21*b + 18*b - 3318. What is the hundreds digit of t?
1
Suppose -3*y = 3*y - 239233 + 16771. What is the hundreds digit of y?
0
Let x = 1456 - 692. Let i = x - 482. What is the units digit of i?
2
Let a = -1966 - -6882. What is the hundreds digit of a?
9
Let l(g) = 35*g**3 - 45*g**2 + 4*g - 149. Let z(k) = 12*k**3 - 15*k**2 + k - 49. Let a(f) = 6*l(f) - 17*z(f). What is the units digit of a(7)?
1
Let g(p) = -p**3 + 6*p**2 - 2*p + 12. Let k be g(5). Suppose k + 13 = 4*f. Suppose 6 = -f*s + 96. What is the units digit of s?
9
Let j = 3 + 9. Suppose 4*n - 3*t - 115 = 0, 2*t = -0*n + 2*n - 58. Let s = n - j. What is the tens digit of s?
1
Suppose -4*i - 5 = -x - 4, -2 = -2*x - 5*i. Let n(b) = 189*b**2 - 3*b + 3. What is the tens digit of n(x)?
8
Let p be (-19)/(57/(-180)) + 3/(-1). Let t = p + -44. Let l(m) = m**3 - 14*m**2 + 17*m + 14. What is the tens digit of l(t)?
6
Let d(s) = s**3 - 3*s**2 + 6*s - 8. Let n be d(2). Suppose 15*j - 5*j - 3300 = n. What is the units digit of j?
0
Let v = -726 + 718. Suppose 4 = -4*f + 5*f + 2*m, 0 = f - m - 1. What is the tens digit of f/4 + (-684)/v?
8
Suppose -117610 = -49*b + 21*b + 289650. What is the ten thousands digit of b?
1
Let a = 50 + -44. Suppose 2*f + 2*i - 4 = 0, -2*i = -a*i + 8. Suppose -2*c + f = -110. What is the units digit of c?
5
Suppose 35 = 46*a - 41*a, 0 = -n - 5*a + 28658. What is the tens digit of n?
2
Let l be ((-1)/2)/((39/(-18))/13). Let c be 30/l - 0*2/(-4). Let s(h) = h**2 - 2*h + 7. What is the units digit of s(c)?
7
Let u be ((-1140)/100)/(2/(-60)). Let q(v) = 5*v**2 - 1. Let x be q(1). Suppose 5*j = -x*j + u. What is the units digit of j?
8
Suppose -5*b = -n - 152, 4*b - 85 = 4*n + 27. Let s = -22 + 22. Suppose -5*v - b = -x - s*x, 0 = 2*v - 4. What is the units digit of x?
1
Suppose -535 = 5*t + 1385. What is the tens digit of -6 - t - -1 - -5?
8
Let o = 324 - 66. Let s = o - 13. What is the hundreds digit of s?
2
Let o(x) = -4*x + 2. Let g be o(-1). Suppose -301 = -g*s - 811. Let r = s - -167. What is the tens digit of r?
8
Suppose 52*q = 24*q + 112336. What is the tens digit of q?
1
Suppose 19 = -2*i + 7. Let k(j) = j**3 + 5*j**2 - 11*j + 5. Let a be k(i). Suppose -2*x - f = -126, f = -3*x - a + 226. What is the units digit of x?
5
Let z(f) = 2*f**3 - 6*f**2 + 6*f + 4. Let n be ((-1)/(-3))/(3/162). Suppose -n*t - 12 = -22*t. What is the tens digit of z(t)?
2
Let f(c) = 102*c + 153. Suppose 424 = 60*j - 116. What is the thousands digit of f(j)?
1
Suppose -47*u = -580628 + 22461 - 18288. What is the units digit of u?
5
Suppose 2*d - 2*g - g = -0*d + 89338, 3*g = 0. What is the units digit of d?
9
Suppose -3969*j = -3929*j - 246160. What is the hundreds digit of j?
1
Let u = 26276 + -16773. What is the thousands digit of u?
9
Let i be (-9)/108 + 148/48. Suppose i*n + 533 = 1943. What is the hundreds digit of n?
4
Suppose 3*z = 2*u - 18175, 5*u - 188*z + 185*z - 45433 = 0. What is the tens digit of u?
8
Let m = 41 - 37. What is the hundreds digit of (m/10)/((12/(-1175))/(-12))?
4
What is the hundreds digit of ((-6)/(-72)*(36880 - -4))/((-2)/(-6))?
2
Suppose 35*d - 6 = 34*d. Suppose -7*h = -4*v - d*h + 1503, 0 = 2*h + 6. What is the hundreds digit of v?
3
Let k(f) = f**2 + 11*f - 5. Let l = -22 - -32. What is the tens digit of k(l)?
0
Let j(i) = -5*i - 99. Let h be j(-18). Let f(g) be the second derivative of -3*g**3/2 + 7*g**2/2 + 3*g. What is the units digit of f(h)?
8
What is the hundreds digit of ((-6 - 1) + 22)*(-13164)/(-18)?
9
Let v(k) = -k**2 + 34*k - 59. Let a be v(32). Suppose 2*y - a*y - 4011 = -3*o, 5*y = -5*o + 6695. What is the tens digit of o?
3
Let i(d) = 115*d**2 - 283*d + 22. What is the units digit of i(10)?
2
Suppose 93 = 21*d - 68 - 49. Let t(m) = 2*m - 4 + 0*m - 8. What is the units digit of t(d)?
8
Let y(f) = -f**2 + f + 24. Let b be y(-4). Suppose 0 = v + m - 123, -b*v + 189 + 306 = 5*m. What is the units digit of v?
0
Let c(n) = -n**3 - 21*n**2 + 3766*n + 5. What is the ten thousands digit of c(43)?
4
Let t be ((-6)/15)/(4/20220). What is the units digit of (70/(-105))/(4/t)?
7
Suppose 4*b = -2*q + 2706, -4*q - 4*b = -1749 - 3651. What is the hundreds digit of q?
3
Let q be (450/5)/((-2 - -4)*1). What is the tens digit of (-3 - (-129)/q) + 2764/30?
9
Let q(z) = z**3 - 5*z**2 + 7*z - 1. Let j(y) be the second derivative of y**3/6 - y**2 - 22*y. Let l be j(5). What is the units digit of q(l)?
2
Suppose -3*t + 688 = 2*z, -188*t = -185*t + 3*z - 687. What is the tens digit of t?
3
Let y(j) = -234*j + 527. What is the 